0
Let p = 165 - 99. Let h = -43 + p. Let f = h + -16. Calculate the remainder when f is divided by 3.
1
Let m(t) = -t**2 + t + 1. Let k be m(-2). Let r = 8 + k. What is the remainder when r is divided by 1?
0
Suppose 0 = -2*b + 10 + 4. Let c(j) be the third derivative of -j**4/24 + 13*j**3/6 + j**2. What is the remainder when 11 is divided by c(b)?
5
Let k(v) = 7*v - 3. Let h be k(2). Suppose -6*a + h*a = -290. Calculate the remainder when 0/(-3 + 1) - a is divided by 20.
18
Suppose -2*p - 3*p + n + 50 = 0, 5*p + 2*n = 65. Calculate the remainder when -1 + (-1)/((-1)/p) is divided by 4.
2
Let m(i) = 2*i + 2. What is the remainder when 28 is divided by m(7)?
12
Let j(v) = v**3 - 6*v**2 + 3*v - 7. Let k be 2/5 + 18372/(-30). What is the remainder when k/(-20) + 4/10 is divided by j(6)?
9
Let h = 11 - 1. Let b = -13 + 37. Let u = b - 6. What is the remainder when u is divided by h?
8
Let v = -26 - -32. Suppose 31 = 5*r - 84. Calculate the remainder when r is divided by v.
5
Let s be (3/(9/42))/(-1). Let i = s + 44. What is the remainder when 117 is divided by i?
27
What is the remainder when 71 is divided by (-150)/(-8) - 12/16?
17
Suppose -3*s - 5 = -2. What is the remainder when (3 - 12/2)/s is divided by 1?
0
Let q = 16 + 0. What is the remainder when 29 is divided by q?
13
Suppose 2*x = 2*t - 76, 216 - 12 = 5*t + 2*x. Suppose -4*n = 8 - t. Calculate the remainder when 21 is divided by n.
5
Suppose -1 + 4 = k + 5*a, -a = 0. Calculate the remainder when 11 is divided by k.
2
Let b(k) = k**2 - 5*k - 7. What is the remainder when 85 is divided by b(9)?
27
Let p = -12 + 17. Suppose 114 + 8 = f + p*h, -2*f = -h - 244. Suppose -4*k - x = 4*x - 73, 0 = -5*k + 4*x + f. Calculate the remainder when k is divided by 12.
10
Let b = 93 - 37. Calculate the remainder when b is divided by 29.
27
Suppose -3*o = 15, -l - 4*o + 1 = -0*o. Let p = l + -29. Calculate the remainder when 5 is divided by p/3*9/(-6).
1
Suppose -2*a = -3*d - 41, a + 3*a - 5*d = 85. What is the remainder when 71 is divided by a?
21
Suppose -32 = -t - g, 4*g - 3*g - 128 = -4*t. Suppose 2*l - 4*v = 22, -2*l + 3*v + t = 4*v. Calculate the remainder when 27 is divided by l.
12
Suppose -7*p - 4 = -3*p. What is the remainder when 95/((p + 0)*-1) is divided by 24?
23
Let p be (-53)/(-3) - (-2)/6. Let v = p - 2. Calculate the remainder when 61 is divided by v.
13
Suppose -154 + 400 = 2*x. What is the remainder when x is divided by 42?
39
What is the remainder when 18 is divided by (16/(-10))/(4/(-10))?
2
Let z = -17 + 43. Suppose 3*q - 24 = q. Suppose -1 = a - 2*x, 2*a - x = q + 1. What is the remainder when z is divided by a?
8
Let h(q) = -15*q + 1. Calculate the remainder when h(-1) is divided by (-144)/32*(-4)/3.
4
Suppose 4*n = -n. Suppose 0 = 2*p - 2*j + 9 - 31, 4*p - 39 = 3*j. Let k = p + n. What is the remainder when 17 is divided by k?
5
Suppose -17*l + 12 = -13*l. Let o = -29 - -41. Calculate the remainder when o is divided by l.
0
Calculate the remainder when 18 is divided by (-5 - -3)*7/(-2).
4
Suppose -5*y - 2*t - 47 = 0, -3*y - 37 + 7 = 3*t. Let r(a) = -a**2 - 9*a + 9. Calculate the remainder when 33 is divided by r(y).
6
Suppose 21 = r - 0*r. Calculate the remainder when 60 is divided by r.
18
Suppose 0 = -3*k + 5*k + 96. Calculate the remainder when 61 is divided by (-1)/((-9)/k)*-3.
13
Suppose 3*x + 9 - 45 = 0. Suppose -x = -2*t - b, -b = -t + b + 1. Let j(d) = -14*d. Calculate the remainder when j(-1) is divided by t.
4
Suppose n + 4 = 0, h - 2*h + 4 = 3*n. What is the remainder when h is divided by 9?
7
Suppose 892 - 333 = 5*m + 2*y, -4*m + 3*y = -438. What is the remainder when m is divided by 19?
16
Let u(o) = -o**2 - 10*o. Let s be u(-10). Suppose 0 = -v - 3*q + 40, s = -v - q + 42 + 8. What is the remainder when v is divided by 14?
13
Let n(r) = -r**2 - 9*r + 3. Let a be n(-9). Let c = -6 - -17. What is the remainder when (-58)/(-3) - (-2)/a is divided by c?
9
Let b(i) = i**3 - 7*i**2 - 6*i + 3. Suppose -2*m = -3*h - 14, -2*m + h + 4 = 3*h. Let p be b(m). Let l = p + 106. What is the remainder when l is divided by 13?
11
Suppose 3*v + 3*f - 102 = 0, -4*v + f = -0*v - 111. Calculate the remainder when v is divided by 10.
9
Let l = 38 - 27. Calculate the remainder when l is divided by 2.
1
Let l be (-4)/14 + (-37)/(-7). Suppose 5*k - 5*u - 320 = k, l*k - 4*u = 391. Calculate the remainder when k is divided by 19.
18
Suppose 0 = -2*n - 0*n + 50. Let t = n - 19. Calculate the remainder when t is divided by 3.
0
Let l = -2 + 1. Let k be (1*-5 - -2)*l. Suppose 0 = n - k*n + 6. Calculate the remainder when n is divided by 2.
1
Suppose 4*p - 19 - 9 = 0. Calculate the remainder when 18 is divided by p.
4
Suppose -151 = -2*w - 3*n, w + 3*n = 6*w - 325. Calculate the remainder when w is divided by 14.
12
Let h(k) = -3*k - 2. Let m(f) = 9*f + 6. Let o(u) = 11*h(u) + 4*m(u). What is the remainder when o(8) is divided by 2 + 9 - (2 + 0)?
8
Suppose 4*g + g + 10 = 0. Calculate the remainder when 1*(3 - (-46 - g)) is divided by 12.
11
Let q be 2*(-2)/4*-2. Suppose q*u - 14 - 10 = 0. What is the remainder when u is divided by 7?
5
Let u = 17 - 9. Let o(v) = 5*v - 3. Let b be o(2). Let s = u + b. What is the remainder when 44 is divided by s?
14
Let i = -11 - 27. Let q = -21 - i. Let h = 59 - 9. What is the remainder when h is divided by q?
16
Suppose -b - 3*b + 20 = 0. Let s = b - 3. What is the remainder when s is divided by 1?
0
Suppose -5*v - 64 = -4*m - v, 5*m = -2*v + 59. Calculate the remainder when 36 is divided by m.
10
Let g = -8 - -12. Let u = g - -2. What is the remainder when 11 is divided by u?
5
Suppose -4*k - 44 = -0*k. Let l = -1 - k. Calculate the remainder when 39 is divided by l.
9
Let o(y) = 6*y**2 + 2*y + 1. Let g = 5 - 6. Let c be o(g). Suppose c*v + 3 = -2, 5*v - 3 = -s. Calculate the remainder when 23 is divided by s.
7
Suppose -4*v - 118 = -318. Suppose -16*l + 107 + 101 = 0. What is the remainder when v is divided by l?
11
Let w(a) be the first derivative of 7*a**3/3 + a**2/2 + 4. What is the remainder when 16 is divided by w(-1)?
4
Calculate the remainder when 37 is divided by 2 - -4 - 3 - -16.
18
Let g = 27 - -57. Let h = -49 + g. Calculate the remainder when h is divided by (-8)/3*9/(-2).
11
Let r = 40 - 8. What is the remainder when 126 is divided by r?
30
Let j(g) = g**3 + 4*g**2 - 3*g + 1. Let s = -4 + 8. Suppose -o + 152 = s*h, h + 2*h - 115 = -o. Calculate the remainder when h is divided by j(-4).
11
Suppose -10*d = -7*d - 78. Calculate the remainder when d is divided by 9.
8
Let d be (-2)/4*-8 - -1. Suppose d*w = -730 - 920. Calculate the remainder when 30 is divided by (-2)/(-7) + w/(-21).
14
Let k = -14 + 22. What is the remainder when 30 is divided by k?
6
Let p be (-34)/(-9) - 8/(-36). Suppose -4*s + 2*x = -16, 19 = p*s + s - 2*x. Suppose k = s*k - 2. Calculate the remainder when k is divided by 1.
0
Let u = 51 + -9. What is the remainder when u is divided by 22?
20
Suppose 123 = 7*j + 39. What is the remainder when j is divided by 8?
4
Let x be 12*-4*(-3)/9. Suppose 5*w - 5*b - x = -b, w + 2*b = 6. Suppose -l - d = -55, -5*l = w*d - 3*d - 267. What is the remainder when l is divided by 18?
17
Let o = -25 - -49. Calculate the remainder when 213 is divided by o.
21
Let x be (-4)/10 + 2/5. Suppose r + 2*h - 3 - 3 = x, -h = -4. Calculate the remainder when 32 is divided by (-3 - -4)*(r + 13).
10
Let d = 0 + -1. Let q(f) = 36*f**2 + f. Calculate the remainder when q(d) is divided by 12*(-1 - (-1 + -1)).
11
Let i(d) = 3*d**2 - 2. Let t be i(2). Let w = t + -6. Suppose w*p = -p + 165. Calculate the remainder when p is divided by 17.
16
Let n = 57 - 40. Calculate the remainder when n is divided by 4.
1
Let j be ((-20)/(-8))/(1/2). Let b = j - 2. Calculate the remainder when 7 is divided by (4/b)/((-1)/(-3)).
3
Suppose -2*h - 5*x + 30 = -h, 5*h - 5*x = 0. What is the remainder when 18 is divided by h?
3
Suppose 10 = 2*a + 4. Calculate the remainder when 8 is divided by a.
2
Let j(c) = -16*c**2 - c + 2. Let q(l) = -32*l**2 - 3*l + 5. Let z(o) = -5*j(o) + 2*q(o). What is the remainder when z(1) is divided by 9?
6
Let w(n) = n**3 - 10*n**2 + 4*n - 25. Calculate the remainder when 59 is divided by w(10).
14
Let o(n) = 4*n**2 + 1. Calculate the remainder when (